{"id":236,"date":"2024-02-27T09:39:32","date_gmt":"2024-02-27T09:39:32","guid":{"rendered":"https:\/\/trialadvisers.com\/?page_id=236"},"modified":"2024-04-01T22:56:36","modified_gmt":"2024-04-01T22:56:36","slug":"cesar-alfonso-delgado-varela-personal-card","status":"publish","type":"page","link":"https:\/\/trialadvisers.com\/index.php\/cesar-alfonso-delgado-varela-personal-card\/","title":{"rendered":"Cesar Alfonso Delgado Varela- Personal Card"},"content":{"rendered":"\n<div class=\"slider-wrapper relative\" id=\"slider-605176801\" >\n    <div class=\"slider slider-nav-circle slider-nav-large slider-nav-light slider-style-normal\"\n        data-flickity-options='{\n            \"cellAlign\": \"center\",\n            \"imagesLoaded\": true,\n            \"lazyLoad\": 1,\n            \"freeScroll\": false,\n            \"wrapAround\": true,\n            \"autoPlay\": 6000,\n            \"pauseAutoPlayOnHover\" : true,\n            \"prevNextButtons\": true,\n            \"contain\" : true,\n            \"adaptiveHeight\" : true,\n            \"dragThreshold\" : 10,\n            \"percentPosition\": true,\n            \"pageDots\": true,\n            \"rightToLeft\": false,\n            \"draggable\": true,\n            \"selectedAttraction\": 0.1,\n            \"parallax\" : 0,\n            \"friction\": 0.6        }'\n        >\n        \n\n\n     <\/div>\n\n     <div class=\"loading-spin dark large centered\"><\/div>\n\n\t<\/div>\n\n\n\t<section class=\"section\" id=\"section_886443620\">\n\t\t<div class=\"bg section-bg fill bg-fill  bg-loaded\" >\n\n\t\t\t\n\t\t\t\n\t\t\t\n\n\t\t<\/div>\n\n\t\t\n\n\t\t<div class=\"section-content relative\">\n\t\t\t\n\n\t<div id=\"gap-898708797\" class=\"gap-element clearfix\" style=\"display:block; height:auto;\">\n\t\t\n<style>\n#gap-898708797 {\n  padding-top: 30px;\n}\n<\/style>\n\t<\/div>\n\t\n\n<div class=\"row row-large align-equal\"  id=\"row-526595088\">\n\n\n\t<div id=\"col-1083187716\" class=\"col medium-6 small-12 large-6\"  >\n\t\t\t\t<div class=\"col-inner\"  >\n\t\t\t\n\t\t\t\n\n\t<div id=\"text-3134884365\" class=\"text\">\n\t\t\n\n<h5>C\u00c9SAR ALFONSO DELGADO VARELA<\/h3>\n\t\t\n<style>\n#text-3134884365 {\n  font-size: 2.25rem;\n  line-height: 1.25;\n}\n<\/style>\n\t<\/div>\n\t\n<p>Contador P\u00fablico<\/p>\n\t<div id=\"gap-1621762760\" class=\"gap-element clearfix\" style=\"display:block; height:auto;\">\n\t\t\n<style>\n#gap-1621762760 {\n  padding-top: 25px;\n}\n<\/style>\n\t<\/div>\n\t\n\n\n  <div class=\"banner has-hover bg-grayscale\" id=\"banner-92816276\">\n          <div class=\"banner-inner fill\">\n        <div class=\"banner-bg fill\" >\n            <div class=\"bg fill bg-fill \"><\/div>\n                                    \n                    <\/div>\n\t\t\n        <div class=\"banner-layers container\">\n            <div class=\"fill banner-link\"><\/div>               <div id=\"text-box-1123808365\" class=\"text-box banner-layer x50 md-x50 lg-x50 y50 md-y50 lg-y50 res-text\">\n                     <div data-animate=\"fadeIn\">           <div class=\"text-box-content text dark\">\n              \n              <div class=\"text-inner text-center\">\n                  \n\n\n              <\/div>\n           <\/div>\n       <\/div>                     \n<style>\n#text-box-1123808365 {\n  width: 60%;\n}\n#text-box-1123808365 .text-box-content {\n  font-size: 100%;\n}\n@media (min-width:550px) {\n  #text-box-1123808365 {\n    width: 60%;\n  }\n}\n<\/style>\n    <\/div>\n         <\/div>\n      <\/div>\n\n            \n<style>\n#banner-92816276 {\n  padding-top: 99.99%;\n  background-color: rgba(255, 255, 255, 0);\n}\n#banner-92816276 .bg.bg-loaded {\n  background-image: url(https:\/\/trialadvisers.com\/wp-content\/uploads\/2024\/03\/1-768x1024.jpg);\n}\n@media (min-width:550px) {\n  #banner-92816276 {\n    padding-top: 550px;\n  }\n}\n<\/style>\n  <\/div>\n\n\n\n\t\t<\/div>\n\t\t\t\t\t<\/div>\n\n\t\n\n\t<div id=\"col-1901632545\" class=\"col medium-6 small-12 large-6\"  >\n\t\t\t\t<div class=\"col-inner\"  >\n\t\t\t\n\t\t\t\n\n\n  <div class=\"banner has-hover bg-zoom-long\" id=\"banner-748838045\">\n          <div class=\"banner-inner fill\">\n        <div class=\"banner-bg fill\" >\n            <div class=\"bg fill bg-fill \"><\/div>\n                                    \n                    <\/div>\n\t\t\n        <div class=\"banner-layers container\">\n            <div class=\"fill banner-link\"><\/div>            \n\n   <div id=\"text-box-2059774403\" class=\"text-box banner-layer x50 md-x50 lg-x50 y50 md-y50 lg-y50 res-text\">\n                                <div class=\"text-box-content text dark\">\n              \n              <div class=\"text-inner text-center\">\n                  \n\n\n              <\/div>\n           <\/div>\n                            \n<style>\n#text-box-2059774403 {\n  width: 60%;\n}\n#text-box-2059774403 .text-box-content {\n  font-size: 100%;\n}\n@media (min-width:550px) {\n  #text-box-2059774403 {\n    width: 60%;\n  }\n}\n<\/style>\n    <\/div>\n \n\n        <\/div>\n      <\/div>\n\n            \n<style>\n#banner-748838045 {\n  padding-top: 99.99%;\n  background-color: rgba(255, 255, 255, 0);\n}\n#banner-748838045 .bg.bg-loaded {\n  background-image: url(https:\/\/trialadvisers.com\/wp-content\/uploads\/2024\/02\/Diseno-sin-titulo-23.png);\n}\n@media (min-width:550px) {\n  #banner-748838045 {\n    padding-top: 550px;\n  }\n}\n<\/style>\n  <\/div>\n\n\n\t<div id=\"gap-1180923544\" class=\"gap-element clearfix\" style=\"display:block; height:auto;\">\n\t\t\n<style>\n#gap-1180923544 {\n  padding-top: 30px;\n}\n<\/style>\n\t<\/div>\n\t\n\n\t<div id=\"text-1206653104\" class=\"text\">\n\t\t\n\n<p>Contador P\u00fablico de la Universidad Cooperativa de Colombia (2005) <span style=\"font-size: 14.4px;\">Especialista en Gerencia Tributaria de la Universidad Libre sede Cali (2006) Mag\u00edster en Derecho Tributario de la Universidad Externado de Colombia (2012)<\/span><\/p>\n\t\t\n<style>\n#text-1206653104 {\n  line-height: 1.7;\n}\n<\/style>\n\t<\/div>\n\t\n\n\t\t<\/div>\n\t\t\t\t\t<\/div>\n\n\t\n\n<\/div>\n\n\t\t<\/div>\n\n\t\t\n<style>\n#section_886443620 {\n  padding-top: 50px;\n  padding-bottom: 50px;\n}\n<\/style>\n\t<\/section>\n\t\n\t<section class=\"section\" id=\"section_862937923\">\n\t\t<div class=\"bg section-bg fill bg-fill  \" >\n\n\t\t\t\n\t\t\t<div class=\"section-bg-overlay absolute fill\"><\/div>\n\t\t\t\n\n\t\t<\/div>\n\n\t\t\n\n\t\t<div class=\"section-content relative\">\n\t\t\t\n\n<div class=\"row align-center\"  id=\"row-1999928582\">\n\n\n\t<div id=\"col-1973419589\" class=\"col medium-6 small-12 large-5\"  >\n\t\t\t\t<div class=\"col-inner text-center dark\"  >\n\t\t\t\n\t\t\t\n\n\t<div id=\"gap-1942098942\" class=\"gap-element clearfix\" style=\"display:block; height:auto;\">\n\t\t\n<style>\n#gap-1942098942 {\n  padding-top: 30px;\n}\n<\/style>\n\t<\/div>\n\t\n\n\t<div id=\"text-2051611113\" class=\"text\">\n\t\t\n\n<h3>Especializaciones<\/h3>\n\t\t\n<style>\n#text-2051611113 {\n  font-size: 2.25rem;\n  line-height: 0.75;\n}\n<\/style>\n\t<\/div>\n\t\n\n\t\t<\/div>\n\t\t\t\t\t<\/div>\n\n\t\n\n<\/div>\n<div class=\"row\"  id=\"row-586486048\">\n\n\n\t<div id=\"col-1824290279\" class=\"col medium-4 small-12 large-4\"  >\n\t\t\t\t<div class=\"col-inner\"  >\n\t\t\t\n\t\t\t\n\n\n\t\t<div class=\"icon-box featured-box icon-box-center text-center\"  >\n\t\t\t\t\t<div class=\"icon-box-img\" style=\"width: 50px\">\n\t\t\t\t<div class=\"icon\">\n\t\t\t\t\t<div class=\"icon-inner\" >\n\t\t\t\t\t\t<img loading=\"lazy\" decoding=\"async\" width=\"120\" height=\"120\" src=\"https:\/\/trialadvisers.com\/wp-content\/uploads\/2024\/02\/Frame-3-3.png\" class=\"attachment-medium size-medium\" alt=\"\" \/>\t\t\t\t\t<\/div>\n\t\t\t\t<\/div>\n\t\t\t<\/div>\n\t\t\t\t<div class=\"icon-box-text last-reset\">\n\t\t\t\t\t\t\t\t\t\n\n<p>Especialista en Derecho Tributario Internacional de la Universidad Externado de Colombia (2022).<\/p>\n\n\t\t<\/div>\n\t<\/div>\n\t\n\t\n\n\t\t<\/div>\n\t\t\t\t\t<\/div>\n\n\t\n\n\t<div id=\"col-1212630863\" class=\"col medium-4 small-12 large-4\"  >\n\t\t\t\t<div class=\"col-inner\"  >\n\t\t\t\n\t\t\t\n\n\n\t\t<div class=\"icon-box featured-box icon-box-center text-center\"  >\n\t\t\t\t\t<div class=\"icon-box-img\" style=\"width: 50px\">\n\t\t\t\t<div class=\"icon\">\n\t\t\t\t\t<div class=\"icon-inner\" >\n\t\t\t\t\t\t<img loading=\"lazy\" decoding=\"async\" width=\"120\" height=\"120\" src=\"https:\/\/trialadvisers.com\/wp-content\/uploads\/2024\/02\/Frame-3-3.png\" class=\"attachment-medium size-medium\" alt=\"\" \/>\t\t\t\t\t<\/div>\n\t\t\t\t<\/div>\n\t\t\t<\/div>\n\t\t\t\t<div class=\"icon-box-text last-reset\">\n\t\t\t\t\t\t\t\t\t\n\n<p>Postgrado en Tributaci\u00f3n Internacional e Impuestos en la Universidad de Maastricht (Bruselas) 2023.<\/p>\n\n\t\t<\/div>\n\t<\/div>\n\t\n\t\n\n\t\t<\/div>\n\t\t\t\t\t<\/div>\n\n\t\n\n\t<div id=\"col-1325792608\" class=\"col medium-4 small-12 large-4\"  >\n\t\t\t\t<div class=\"col-inner\"  >\n\t\t\t\n\t\t\t\n\n\n\t\t<div class=\"icon-box featured-box icon-box-center text-center\"  >\n\t\t\t\t\t<div class=\"icon-box-img\" style=\"width: 50px\">\n\t\t\t\t<div class=\"icon\">\n\t\t\t\t\t<div class=\"icon-inner\" >\n\t\t\t\t\t\t<img loading=\"lazy\" decoding=\"async\" width=\"120\" height=\"120\" src=\"https:\/\/trialadvisers.com\/wp-content\/uploads\/2024\/02\/Frame-3-3.png\" class=\"attachment-medium size-medium\" alt=\"\" \/>\t\t\t\t\t<\/div>\n\t\t\t\t<\/div>\n\t\t\t<\/div>\n\t\t\t\t<div class=\"icon-box-text last-reset\">\n\t\t\t\t\t\t\t\t\t\n\n<p>Cuenta con estudios en Derecho Comercial y Planeaci\u00f3n Patrimonial para Empresas Familiares.<\/p>\n\n\t\t<\/div>\n\t<\/div>\n\t\n\t\n\n\t\t<\/div>\n\t\t\t\t\t<\/div>\n\n\t\n\n\t<div id=\"col-937213330\" class=\"col medium-4 small-12 large-4\"  >\n\t\t\t\t<div class=\"col-inner\"  >\n\t\t\t\n\t\t\t\n\n\n\t\t<div class=\"icon-box featured-box icon-box-center text-center\"  >\n\t\t\t\t\t<div class=\"icon-box-img\" style=\"width: 50px\">\n\t\t\t\t<div class=\"icon\">\n\t\t\t\t\t<div class=\"icon-inner\" >\n\t\t\t\t\t\t<img loading=\"lazy\" decoding=\"async\" width=\"120\" height=\"120\" src=\"https:\/\/trialadvisers.com\/wp-content\/uploads\/2024\/02\/Frame-3-3.png\" class=\"attachment-medium size-medium\" alt=\"\" \/>\t\t\t\t\t<\/div>\n\t\t\t\t<\/div>\n\t\t\t<\/div>\n\t\t\t\t<div class=\"icon-box-text last-reset\">\n\t\t\t\t\t\t\t\t\t\n\n<p>Ha cursado Tributaci\u00f3n y Planeaci\u00f3n Patrimonial de personas F\u00edsicas en el Ilustre Colegio de Abogados de M\u00e9xico,<\/p>\n\n\t\t<\/div>\n\t<\/div>\n\t\n\t\n\n\t\t<\/div>\n\t\t\t\t\t<\/div>\n\n\t\n\n\t<div id=\"col-526141746\" class=\"col medium-4 small-12 large-4\"  >\n\t\t\t\t<div class=\"col-inner\"  >\n\t\t\t\n\t\t\t\n\n\n\t\t<div class=\"icon-box featured-box icon-box-center text-center\"  >\n\t\t\t\t\t<div class=\"icon-box-img\" style=\"width: 50px\">\n\t\t\t\t<div class=\"icon\">\n\t\t\t\t\t<div class=\"icon-inner\" >\n\t\t\t\t\t\t<img loading=\"lazy\" decoding=\"async\" width=\"120\" height=\"120\" src=\"https:\/\/trialadvisers.com\/wp-content\/uploads\/2024\/02\/Frame-3-3.png\" class=\"attachment-medium size-medium\" alt=\"\" \/>\t\t\t\t\t<\/div>\n\t\t\t\t<\/div>\n\t\t\t<\/div>\n\t\t\t\t<div class=\"icon-box-text last-reset\">\n\t\t\t\t\t\t\t\t\t\n\n<p>Tributaci\u00f3n Internacional EE.UU. en USCD en EE.UU.Actualmente se desempe\u00f1a como Director Tributario en Trial Asesores S.A.S <\/p>\n\n\t\t<\/div>\n\t<\/div>\n\t\n\t\n\n\t\t<\/div>\n\t\t\t\t\t<\/div>\n\n\t\n\n\t<div id=\"col-363352218\" class=\"col medium-4 small-12 large-4\"  >\n\t\t\t\t<div class=\"col-inner\"  >\n\t\t\t\n\t\t\t\n\n\n\t\t<div class=\"icon-box featured-box icon-box-center text-center\"  >\n\t\t\t\t\t<div class=\"icon-box-img\" style=\"width: 50px\">\n\t\t\t\t<div class=\"icon\">\n\t\t\t\t\t<div class=\"icon-inner\" >\n\t\t\t\t\t\t<img loading=\"lazy\" decoding=\"async\" width=\"120\" height=\"120\" src=\"https:\/\/trialadvisers.com\/wp-content\/uploads\/2024\/02\/Frame-3-3.png\" class=\"attachment-medium size-medium\" alt=\"\" \/>\t\t\t\t\t<\/div>\n\t\t\t\t<\/div>\n\t\t\t<\/div>\n\t\t\t\t<div class=\"icon-box-text last-reset\">\n\t\t\t\t\t\t\t\t\t\n\n<p>Asesor Tributario en Trial Advisors desde el a\u00f1o 2021 en Miami, y Director Fiscal Corporativo en Soletri S.A.S. desde el a\u00f1o 2021.<\/p>\n\n\t\t<\/div>\n\t<\/div>\n\t\n\t\n\n\t\t<\/div>\n\t\t\t\t\t<\/div>\n\n\t\n\n\n<style>\n#row-586486048 > .col > .col-inner {\n  padding: 30px 20px 30px 20px;\n  background-color: rgb(255,255,255);\n  border-radius: 10px;\n}\n@media (min-width:850px) {\n  #row-586486048 > .col > .col-inner {\n    padding: 40px 40px 40px 40px;\n  }\n}\n<\/style>\n<\/div>\n\n\t\t<\/div>\n\n\t\t\n<style>\n#section_862937923 {\n  padding-top: 40px;\n  padding-bottom: 40px;\n}\n#section_862937923 .section-bg-overlay {\n  background-color: rgba(10, 39, 63, 0.8);\n}\n#section_862937923 .section-bg.bg-loaded {\n  background-image: url(https:\/\/trialadvisers.com\/wp-content\/uploads\/2024\/02\/pexels-pixabay-273209-scaled.jpg);\n}\n#section_862937923 .section-bg {\n  background-position: 39% 100%;\n}\n@media (min-width:550px) {\n  #section_862937923 {\n    padding-top: 70px;\n    padding-bottom: 70px;\n  }\n}\n<\/style>\n\t<\/section>\n\t\n\n","protected":false},"excerpt":{"rendered":"","protected":false},"author":1,"featured_media":0,"parent":0,"menu_order":0,"comment_status":"closed","ping_status":"closed","template":"page-blank.php","meta":{"footnotes":""},"class_list":["post-236","page","type-page","status-publish","hentry"],"yoast_head":"<!-- This site is optimized with the Yoast SEO plugin v27.1.1 - https:\/\/yoast.com\/product\/yoast-seo-wordpress\/ -->\n<title>Cesar Alfonso Delgado Varela- Personal Card - TRIAL ADVISERS<\/title>\n<meta name=\"robots\" content=\"index, follow, max-snippet:-1, max-image-preview:large, max-video-preview:-1\" \/>\n<link rel=\"canonical\" href=\"https:\/\/trialadvisers.com\/index.php\/cesar-alfonso-delgado-varela-personal-card\/\" \/>\n<meta property=\"og:locale\" content=\"es_ES\" \/>\n<meta property=\"og:type\" content=\"article\" \/>\n<meta property=\"og:title\" content=\"Cesar Alfonso Delgado Varela- Personal Card - TRIAL ADVISERS\" \/>\n<meta property=\"og:url\" content=\"https:\/\/trialadvisers.com\/index.php\/cesar-alfonso-delgado-varela-personal-card\/\" \/>\n<meta property=\"og:site_name\" content=\"TRIAL ADVISERS\" \/>\n<meta property=\"article:modified_time\" content=\"2024-04-01T22:56:36+00:00\" \/>\n<meta name=\"twitter:card\" content=\"summary_large_image\" \/>\n<script type=\"application\/ld+json\" class=\"yoast-schema-graph\">{\"@context\":\"https:\/\/schema.org\",\"@graph\":[{\"@type\":\"WebPage\",\"@id\":\"https:\/\/trialadvisers.com\/index.php\/cesar-alfonso-delgado-varela-personal-card\/\",\"url\":\"https:\/\/trialadvisers.com\/index.php\/cesar-alfonso-delgado-varela-personal-card\/\",\"name\":\"Cesar Alfonso Delgado Varela- Personal Card - TRIAL ADVISERS\",\"isPartOf\":{\"@id\":\"https:\/\/trialadvisers.com\/#website\"},\"datePublished\":\"2024-02-27T09:39:32+00:00\",\"dateModified\":\"2024-04-01T22:56:36+00:00\",\"breadcrumb\":{\"@id\":\"https:\/\/trialadvisers.com\/index.php\/cesar-alfonso-delgado-varela-personal-card\/#breadcrumb\"},\"inLanguage\":\"es-CO\",\"potentialAction\":[{\"@type\":\"ReadAction\",\"target\":[\"https:\/\/trialadvisers.com\/index.php\/cesar-alfonso-delgado-varela-personal-card\/\"]}]},{\"@type\":\"BreadcrumbList\",\"@id\":\"https:\/\/trialadvisers.com\/index.php\/cesar-alfonso-delgado-varela-personal-card\/#breadcrumb\",\"itemListElement\":[{\"@type\":\"ListItem\",\"position\":1,\"name\":\"Inicio\",\"item\":\"https:\/\/trialadvisers.com\/\"},{\"@type\":\"ListItem\",\"position\":2,\"name\":\"Cesar Alfonso Delgado Varela- Personal Card\"}]},{\"@type\":\"WebSite\",\"@id\":\"https:\/\/trialadvisers.com\/#website\",\"url\":\"https:\/\/trialadvisers.com\/\",\"name\":\"TRIAL ADVISERS\",\"description\":\"Tu tranquilidad financiera, nuestra responsabilidad\",\"publisher\":{\"@id\":\"https:\/\/trialadvisers.com\/#organization\"},\"potentialAction\":[{\"@type\":\"SearchAction\",\"target\":{\"@type\":\"EntryPoint\",\"urlTemplate\":\"https:\/\/trialadvisers.com\/?s={search_term_string}\"},\"query-input\":{\"@type\":\"PropertyValueSpecification\",\"valueRequired\":true,\"valueName\":\"search_term_string\"}}],\"inLanguage\":\"es-CO\"},{\"@type\":\"Organization\",\"@id\":\"https:\/\/trialadvisers.com\/#organization\",\"name\":\"TRIAL ADVISERS\",\"url\":\"https:\/\/trialadvisers.com\/\",\"logo\":{\"@type\":\"ImageObject\",\"inLanguage\":\"es-CO\",\"@id\":\"https:\/\/trialadvisers.com\/#\/schema\/logo\/image\/\",\"url\":\"https:\/\/trialadvisers.com\/wp-content\/uploads\/2023\/12\/cropped-LOGO.png\",\"contentUrl\":\"https:\/\/trialadvisers.com\/wp-content\/uploads\/2023\/12\/cropped-LOGO.png\",\"width\":180,\"height\":60,\"caption\":\"TRIAL ADVISERS\"},\"image\":{\"@id\":\"https:\/\/trialadvisers.com\/#\/schema\/logo\/image\/\"}}]}<\/script>\n<!-- \/ Yoast SEO plugin. -->","yoast_head_json":{"title":"Cesar Alfonso Delgado Varela- Personal Card - TRIAL ADVISERS","robots":{"index":"index","follow":"follow","max-snippet":"max-snippet:-1","max-image-preview":"max-image-preview:large","max-video-preview":"max-video-preview:-1"},"canonical":"https:\/\/trialadvisers.com\/index.php\/cesar-alfonso-delgado-varela-personal-card\/","og_locale":"es_ES","og_type":"article","og_title":"Cesar Alfonso Delgado Varela- Personal Card - TRIAL ADVISERS","og_url":"https:\/\/trialadvisers.com\/index.php\/cesar-alfonso-delgado-varela-personal-card\/","og_site_name":"TRIAL ADVISERS","article_modified_time":"2024-04-01T22:56:36+00:00","twitter_card":"summary_large_image","schema":{"@context":"https:\/\/schema.org","@graph":[{"@type":"WebPage","@id":"https:\/\/trialadvisers.com\/index.php\/cesar-alfonso-delgado-varela-personal-card\/","url":"https:\/\/trialadvisers.com\/index.php\/cesar-alfonso-delgado-varela-personal-card\/","name":"Cesar Alfonso Delgado Varela- Personal Card - TRIAL ADVISERS","isPartOf":{"@id":"https:\/\/trialadvisers.com\/#website"},"datePublished":"2024-02-27T09:39:32+00:00","dateModified":"2024-04-01T22:56:36+00:00","breadcrumb":{"@id":"https:\/\/trialadvisers.com\/index.php\/cesar-alfonso-delgado-varela-personal-card\/#breadcrumb"},"inLanguage":"es-CO","potentialAction":[{"@type":"ReadAction","target":["https:\/\/trialadvisers.com\/index.php\/cesar-alfonso-delgado-varela-personal-card\/"]}]},{"@type":"BreadcrumbList","@id":"https:\/\/trialadvisers.com\/index.php\/cesar-alfonso-delgado-varela-personal-card\/#breadcrumb","itemListElement":[{"@type":"ListItem","position":1,"name":"Inicio","item":"https:\/\/trialadvisers.com\/"},{"@type":"ListItem","position":2,"name":"Cesar Alfonso Delgado Varela- Personal Card"}]},{"@type":"WebSite","@id":"https:\/\/trialadvisers.com\/#website","url":"https:\/\/trialadvisers.com\/","name":"TRIAL ADVISERS","description":"Tu tranquilidad financiera, nuestra responsabilidad","publisher":{"@id":"https:\/\/trialadvisers.com\/#organization"},"potentialAction":[{"@type":"SearchAction","target":{"@type":"EntryPoint","urlTemplate":"https:\/\/trialadvisers.com\/?s={search_term_string}"},"query-input":{"@type":"PropertyValueSpecification","valueRequired":true,"valueName":"search_term_string"}}],"inLanguage":"es-CO"},{"@type":"Organization","@id":"https:\/\/trialadvisers.com\/#organization","name":"TRIAL ADVISERS","url":"https:\/\/trialadvisers.com\/","logo":{"@type":"ImageObject","inLanguage":"es-CO","@id":"https:\/\/trialadvisers.com\/#\/schema\/logo\/image\/","url":"https:\/\/trialadvisers.com\/wp-content\/uploads\/2023\/12\/cropped-LOGO.png","contentUrl":"https:\/\/trialadvisers.com\/wp-content\/uploads\/2023\/12\/cropped-LOGO.png","width":180,"height":60,"caption":"TRIAL ADVISERS"},"image":{"@id":"https:\/\/trialadvisers.com\/#\/schema\/logo\/image\/"}}]}},"_links":{"self":[{"href":"https:\/\/trialadvisers.com\/index.php\/wp-json\/wp\/v2\/pages\/236","targetHints":{"allow":["GET"]}}],"collection":[{"href":"https:\/\/trialadvisers.com\/index.php\/wp-json\/wp\/v2\/pages"}],"about":[{"href":"https:\/\/trialadvisers.com\/index.php\/wp-json\/wp\/v2\/types\/page"}],"author":[{"embeddable":true,"href":"https:\/\/trialadvisers.com\/index.php\/wp-json\/wp\/v2\/users\/1"}],"replies":[{"embeddable":true,"href":"https:\/\/trialadvisers.com\/index.php\/wp-json\/wp\/v2\/comments?post=236"}],"version-history":[{"count":8,"href":"https:\/\/trialadvisers.com\/index.php\/wp-json\/wp\/v2\/pages\/236\/revisions"}],"predecessor-version":[{"id":385,"href":"https:\/\/trialadvisers.com\/index.php\/wp-json\/wp\/v2\/pages\/236\/revisions\/385"}],"wp:attachment":[{"href":"https:\/\/trialadvisers.com\/index.php\/wp-json\/wp\/v2\/media?parent=236"}],"curies":[{"name":"wp","href":"https:\/\/api.w.org\/{rel}","templated":true}]}}