{"id":152,"date":"2024-02-27T08:07:13","date_gmt":"2024-02-27T08:07:13","guid":{"rendered":"https:\/\/trialadvisers.com\/?page_id=152"},"modified":"2024-03-05T04:19:08","modified_gmt":"2024-03-05T04:19:08","slug":"asesoria-financiera-y-planeacion-tributaria","status":"publish","type":"page","link":"https:\/\/trialadvisers.com\/index.php\/asesoria-financiera-y-planeacion-tributaria\/","title":{"rendered":"Asesor\u00eda Financiera y Planeaci\u00f3n Tributaria"},"content":{"rendered":"\n\t<section class=\"section\" id=\"section_1598093232\">\n\t\t<div class=\"bg section-bg fill bg-fill  \" >\n\n\t\t\t\n\t\t\t<div class=\"section-bg-overlay absolute fill\"><\/div>\n\t\t\t\n\n\t\t<\/div>\n\n\t\t\n\n\t\t<div class=\"section-content relative\">\n\t\t\t\n\n<div class=\"row\" style=\"max-width:1200px\" id=\"row-1620637911\">\n\n\n\t<div id=\"col-103325820\" class=\"col medium-5 small-12 large-5\"  >\n\t\t\t\t<div class=\"col-inner\"  >\n\t\t\t\n\t\t\t\n\n\t<div id=\"gap-389799352\" class=\"gap-element clearfix\" style=\"display:block; height:auto;\">\n\t\t\n<style>\n#gap-389799352 {\n  padding-top: 0px;\n}\n@media (min-width:850px) {\n  #gap-389799352 {\n    padding-top: 30px;\n  }\n}\n<\/style>\n\t<\/div>\n\t\n\n\n\t\t<\/div>\n\t\t\t\t\t<\/div>\n\n\t\n\n\t<div id=\"col-2141005919\" class=\"col medium-12 small-12 large-7\"  >\n\t\t\t\t<div class=\"col-inner\"  >\n\t\t\t\n\t\t\t\n\n\t<div id=\"gap-540535242\" class=\"gap-element clearfix\" style=\"display:block; height:auto;\">\n\t\t\n<style>\n#gap-540535242 {\n  padding-top: 30px;\n}\n<\/style>\n\t<\/div>\n\t\n\n\t<div id=\"text-1056472562\" class=\"text\">\n\t\t\n\n<h6><\/h6>\n\t\t\n<style>\n#text-1056472562 {\n  font-size: 1rem;\n}\n@media (min-width:550px) {\n  #text-1056472562 {\n    font-size: 1.25rem;\n  }\n}\n<\/style>\n\t<\/div>\n\t\n\t<div id=\"text-3557793312\" class=\"text\">\n\t\t\n\n<h3>Asesor\u00eda Financiera y Planeaci\u00f3n Tributaria<\/h3>\n\t\t\n<style>\n#text-3557793312 {\n  font-size: 2.5rem;\n  line-height: 1.1;\n  color: rgb(255, 255, 255);\n}\n#text-3557793312 > * {\n  color: rgb(255, 255, 255);\n}\n@media (min-width:550px) {\n  #text-3557793312 {\n    font-size: 3rem;\n  }\n}\n<\/style>\n\t<\/div>\n\t\n\n\t\t<\/div>\n\t\t\t\t\n<style>\n#col-2141005919 > .col-inner {\n  padding: 0px 0px 0px 0;\n}\n@media (min-width:550px) {\n  #col-2141005919 > .col-inner {\n    padding: 0px 0px 0px 30px;\n  }\n}\n<\/style>\n\t<\/div>\n\n\t\n\n<\/div>\n\n\t\t<\/div>\n\n\t\t\n<style>\n#section_1598093232 {\n  padding-top: 0px;\n  padding-bottom: 0px;\n  min-height: 300px;\n}\n#section_1598093232 .section-bg-overlay {\n  background-color: rgba(0, 63, 121, 0.657);\n}\n#section_1598093232 .section-bg.bg-loaded {\n  background-image: url(https:\/\/trialadvisers.com\/wp-content\/uploads\/2024\/02\/pexels-pixabay-273209-scaled.jpg);\n}\n#section_1598093232 .section-bg {\n  background-position: 65% 100%;\n}\n@media (min-width:550px) {\n  #section_1598093232 {\n    min-height: 450px;\n  }\n}\n@media (min-width:850px) {\n  #section_1598093232 {\n    min-height: 500px;\n  }\n}\n<\/style>\n\t<\/section>\n\t\n<div class=\"row\" style=\"max-width:1200px\" id=\"row-1399049245\">\n\n\n\t<div id=\"col-1024129133\" class=\"col medium-12 small-12 large-5\"  >\n\t\t\t\t<div class=\"col-inner\"  >\n\t\t\t\n\t\t\t\n\n\n  <div class=\"banner has-hover\" id=\"banner-144305065\">\n          <div class=\"banner-inner fill\">\n        <div class=\"banner-bg fill\" >\n            <div class=\"bg fill bg-fill \"><\/div>\n                                    \n                    <\/div>\n\t\t\n        <div class=\"banner-layers container\">\n            <div class=\"fill banner-link\"><\/div>            \n\n   <div id=\"text-box-103193075\" class=\"text-box banner-layer x50 md-x50 lg-x50 y50 md-y50 lg-y50 res-text\">\n                                <div class=\"text-box-content text dark\">\n              \n              <div class=\"text-inner text-center\">\n                  \n\n\n              <\/div>\n           <\/div>\n                            \n<style>\n#text-box-103193075 {\n  width: 60%;\n}\n#text-box-103193075 .text-box-content {\n  font-size: 100%;\n}\n@media (min-width:550px) {\n  #text-box-103193075 {\n    width: 60%;\n  }\n}\n<\/style>\n    <\/div>\n \n\n        <\/div>\n      <\/div>\n\n            \n<style>\n#banner-144305065 {\n  padding-top: 300px;\n  background-color: rgb(255, 255, 255);\n}\n#banner-144305065 .bg.bg-loaded {\n  background-image: url(https:\/\/trialadvisers.com\/wp-content\/uploads\/2024\/02\/revisoria-fiscal-pagina.png);\n}\n#banner-144305065 .bg {\n  background-position: 50% 56%;\n}\n@media (min-width:550px) {\n  #banner-144305065 {\n    padding-top: 500px;\n  }\n}\n@media (min-width:850px) {\n  #banner-144305065 {\n    padding-top: 650px;\n  }\n}\n<\/style>\n  <\/div>\n\n\n\t<div id=\"gap-635402828\" class=\"gap-element clearfix\" style=\"display:block; height:auto;\">\n\t\t\n<style>\n#gap-635402828 {\n  padding-top: 0px;\n}\n@media (min-width:850px) {\n  #gap-635402828 {\n    padding-top: 100px;\n  }\n}\n<\/style>\n\t<\/div>\n\t\n\n\n\t\t<\/div>\n\t\t\t\t\n<style>\n#col-1024129133 > .col-inner {\n  margin: -100px 0px 0px 0px;\n}\n@media (min-width:550px) {\n  #col-1024129133 > .col-inner {\n    margin: -150px 0px 0px 0px;\n  }\n}\n@media (min-width:850px) {\n  #col-1024129133 > .col-inner {\n    margin: -400px 0px 0px 0px;\n  }\n}\n<\/style>\n\t<\/div>\n\n\t\n\n\t<div id=\"col-1262735333\" class=\"col medium-11 small-12 large-7\"  >\n\t\t\t\t<div class=\"col-inner\"  >\n\t\t\t\n\t\t\t\n\n\t<div id=\"gap-1449967211\" class=\"gap-element clearfix\" style=\"display:block; height:auto;\">\n\t\t\n<style>\n#gap-1449967211 {\n  padding-top: 30px;\n}\n<\/style>\n\t<\/div>\n\t\n\n<p>Nuestro equipo de Expertos Consultores Tributarios est\u00e1 aqu\u00ed para brindarle el Asesoramiento y la Estrategia clave necesaria para mantener su situaci\u00f3n Fiscal y cumplir con todas las obligaciones Tributarias. Ya sea que necesite ayuda con la planeaci\u00f3n Fiscal, la presentaci\u00f3n de impuestos o la resoluci\u00f3n de problemas financieros que se le presenten en el d\u00eda a d\u00eda.<\/p>\n<p>Evaluamos los procesos de las \u00e1reas financieras y contables para que las actuaciones administrativas se ajusten a las disposiciones legales, a los estatutos y a los procedimientos y controles adoptados por su organizaci\u00f3n. El control integral sobre los estados financieros, el control interno, las declaraciones tributarias y los libros legales, redundar\u00e1n en la creaci\u00f3n de valor econ\u00f3mico-social. <\/p>\n<a class=\"button secondary is-underline\"  >\n    <span>CONOZCA UN POCO M\u00c1S<\/span>\n  <\/a>\n\n\n\n\t\t<\/div>\n\t\t\t\t\n<style>\n#col-1262735333 > .col-inner {\n  padding: 0px 0px 0px 0;\n}\n@media (min-width:550px) {\n  #col-1262735333 > .col-inner {\n    padding: 0px 0px 0px 30px;\n  }\n}\n<\/style>\n\t<\/div>\n\n\t\n\n<\/div>\n\t<section class=\"section\" id=\"section_1985526087\">\n\t\t<div class=\"bg section-bg fill bg-fill  bg-loaded\" >\n\n\t\t\t\n\t\t\t\n\t\t\t\n\n\t\t<\/div>\n\n\t\t\n\n\t\t<div class=\"section-content relative\">\n\t\t\t\n\n<div class=\"row\" style=\"max-width:1200px\" id=\"row-2087872519\">\n\n\n\t<div id=\"col-21917063\" class=\"col small-12 large-12\"  >\n\t\t\t\t<div class=\"col-inner\"  >\n\t\t\t\n\t\t\t\n\n\t<div id=\"text-1993039917\" class=\"text\">\n\t\t\n\n<h6>Navegando el Laberinto Fiscal: Asesor\u00eda Contable Estrat\u00e9gica<\/h6>\n\t\t\n<style>\n#text-1993039917 {\n  font-size: 1.1rem;\n  text-align: center;\n}\n<\/style>\n\t<\/div>\n\t\n\t<div id=\"text-1683160078\" class=\"text\">\n\t\t\n\n<h1>As\u00ed lo hacemos<\/h1>\n\t\t\n<style>\n#text-1683160078 {\n  font-size: 1.75rem;\n  text-align: center;\n}\n<\/style>\n\t<\/div>\n\t\n\n\t\t<\/div>\n\t\t\t\t\t<\/div>\n\n\t\n\n<\/div>\n<div class=\"row row-large row-solid\" style=\"max-width:1200px\" id=\"row-1332480194\">\n\n\n\t<div id=\"col-957713536\" class=\"col medium-10 small-12 large-6\"  >\n\t\t\t\t<div class=\"col-inner\"  >\n\t\t\t\n\t\t\t\n\n\n\t\t<div class=\"icon-box featured-box icon-box-left text-left\"  >\n\t\t\t\t\t<div class=\"icon-box-img\" style=\"width: 69px\">\n\t\t\t\t<div class=\"icon\">\n\t\t\t\t\t<div class=\"icon-inner\" >\n\t\t\t\t\t\t<img loading=\"lazy\" decoding=\"async\" width=\"120\" height=\"120\" src=\"https:\/\/trialadvisers.com\/wp-content\/uploads\/2024\/02\/check-line.png\" class=\"attachment-medium size-medium\" alt=\"\" \/>\t\t\t\t\t<\/div>\n\t\t\t\t<\/div>\n\t\t\t<\/div>\n\t\t\t\t<div class=\"icon-box-text last-reset\">\n\t\t\t\t\t\t\t\t\t\n\n<p>An\u00e1lisis previo de las obligaciones tributarias sustanciales y formales a cargo de los clientes. <\/p>\n\n\t\t<\/div>\n\t<\/div>\n\t\n\t\n\t<div id=\"gap-1651001805\" class=\"gap-element clearfix\" style=\"display:block; height:auto;\">\n\t\t\n<style>\n#gap-1651001805 {\n  padding-top: 30px;\n}\n<\/style>\n\t<\/div>\n\t\n\n\n\t\t<div class=\"icon-box featured-box icon-box-left text-left\"  >\n\t\t\t\t\t<div class=\"icon-box-img\" style=\"width: 69px\">\n\t\t\t\t<div class=\"icon\">\n\t\t\t\t\t<div class=\"icon-inner\" >\n\t\t\t\t\t\t<img loading=\"lazy\" decoding=\"async\" width=\"120\" height=\"120\" src=\"https:\/\/trialadvisers.com\/wp-content\/uploads\/2024\/02\/check-line.png\" class=\"attachment-medium size-medium\" alt=\"\" \/>\t\t\t\t\t<\/div>\n\t\t\t\t<\/div>\n\t\t\t<\/div>\n\t\t\t\t<div class=\"icon-box-text last-reset\">\n\t\t\t\t\t\t\t\t\t\n\n<p>Acompa\u00f1amiento en el cumplimiento de las obligaciones tributarias sustanciales y formales nacionales y\/o extranjeras.<\/p>\n\n\t\t<\/div>\n\t<\/div>\n\t\n\t\n\t<div id=\"gap-1360076442\" class=\"gap-element clearfix\" style=\"display:block; height:auto;\">\n\t\t\n<style>\n#gap-1360076442 {\n  padding-top: 30px;\n}\n<\/style>\n\t<\/div>\n\t\n\n\n\t\t<div class=\"icon-box featured-box icon-box-left text-left\"  >\n\t\t\t\t\t<div class=\"icon-box-img\" style=\"width: 69px\">\n\t\t\t\t<div class=\"icon\">\n\t\t\t\t\t<div class=\"icon-inner\" >\n\t\t\t\t\t\t<img loading=\"lazy\" decoding=\"async\" width=\"120\" height=\"120\" src=\"https:\/\/trialadvisers.com\/wp-content\/uploads\/2024\/02\/check-line.png\" class=\"attachment-medium size-medium\" alt=\"\" \/>\t\t\t\t\t<\/div>\n\t\t\t\t<\/div>\n\t\t\t<\/div>\n\t\t\t\t<div class=\"icon-box-text last-reset\">\n\t\t\t\t\t\t\t\t\t\n\n<p>Representaci\u00f3n en sede administrativa ante las autoridades tributarias nacionales y\/o extranjeras. <\/p>\n\n\t\t<\/div>\n\t<\/div>\n\t\n\t\n\t<div id=\"gap-1690397068\" class=\"gap-element clearfix\" style=\"display:block; height:auto;\">\n\t\t\n<style>\n#gap-1690397068 {\n  padding-top: 30px;\n}\n<\/style>\n\t<\/div>\n\t\n\n\n\t\t<\/div>\n\t\t\t\t\n<style>\n#col-957713536 > .col-inner {\n  padding: 0px 0 0px 0px;\n}\n@media (min-width:850px) {\n  #col-957713536 > .col-inner {\n    padding: 0px 40px 0px 0px;\n  }\n}\n<\/style>\n\t<\/div>\n\n\t\n\n\t<div id=\"col-203839714\" class=\"col medium-10 small-12 large-6\"  >\n\t\t\t\t<div class=\"col-inner\"  >\n\t\t\t\n\t\t\t\n\n\n\t\t<div class=\"icon-box featured-box icon-box-left text-left\"  >\n\t\t\t\t\t<div class=\"icon-box-img\" style=\"width: 69px\">\n\t\t\t\t<div class=\"icon\">\n\t\t\t\t\t<div class=\"icon-inner\" >\n\t\t\t\t\t\t<img loading=\"lazy\" decoding=\"async\" width=\"120\" height=\"120\" src=\"https:\/\/trialadvisers.com\/wp-content\/uploads\/2024\/02\/check-line.png\" class=\"attachment-medium size-medium\" alt=\"\" \/>\t\t\t\t\t<\/div>\n\t\t\t\t<\/div>\n\t\t\t<\/div>\n\t\t\t\t<div class=\"icon-box-text last-reset\">\n\t\t\t\t\t\t\t\t\t\n\n<p>Representaci\u00f3n en sede judicial ante la jurisdicci\u00f3n contencioso administrativa.<\/p>\n\n\t\t<\/div>\n\t<\/div>\n\t\n\t\n\t<div id=\"gap-1574143105\" class=\"gap-element clearfix\" style=\"display:block; height:auto;\">\n\t\t\n<style>\n#gap-1574143105 {\n  padding-top: 30px;\n}\n<\/style>\n\t<\/div>\n\t\n\n\n\t\t<div class=\"icon-box featured-box icon-box-left text-left\"  >\n\t\t\t\t\t<div class=\"icon-box-img\" style=\"width: 69px\">\n\t\t\t\t<div class=\"icon\">\n\t\t\t\t\t<div class=\"icon-inner\" >\n\t\t\t\t\t\t<img loading=\"lazy\" decoding=\"async\" width=\"120\" height=\"120\" src=\"https:\/\/trialadvisers.com\/wp-content\/uploads\/2024\/02\/check-line.png\" class=\"attachment-medium size-medium\" alt=\"\" \/>\t\t\t\t\t<\/div>\n\t\t\t\t<\/div>\n\t\t\t<\/div>\n\t\t\t\t<div class=\"icon-box-text last-reset\">\n\t\t\t\t\t\t\t\t\t\n\n<p>Asesor\u00eda y acompa\u00f1amiento en los procedimientos de devoluci\u00f3n de impuestos ante la autoridad tributaria. <\/p>\n\n\t\t<\/div>\n\t<\/div>\n\t\n\t\n\t<div id=\"gap-353037318\" class=\"gap-element clearfix\" style=\"display:block; height:auto;\">\n\t\t\n<style>\n#gap-353037318 {\n  padding-top: 30px;\n}\n<\/style>\n\t<\/div>\n\t\n\n\n\t\t<div class=\"icon-box featured-box icon-box-left text-left\"  >\n\t\t\t\t\t<div class=\"icon-box-img\" style=\"width: 69px\">\n\t\t\t\t<div class=\"icon\">\n\t\t\t\t\t<div class=\"icon-inner\" >\n\t\t\t\t\t\t<img loading=\"lazy\" decoding=\"async\" width=\"120\" height=\"120\" src=\"https:\/\/trialadvisers.com\/wp-content\/uploads\/2024\/02\/check-line.png\" class=\"attachment-medium size-medium\" alt=\"\" \/>\t\t\t\t\t<\/div>\n\t\t\t\t<\/div>\n\t\t\t<\/div>\n\t\t\t\t<div class=\"icon-box-text last-reset\">\n\t\t\t\t\t\t\t\t\t\n\n<p>Asesor\u00eda para la optimizaci\u00f3n de la carga tributaria, dentro de los l\u00edmites legales nacionales e internacionales.<\/p>\n\n\t\t<\/div>\n\t<\/div>\n\t\n\t\n\n\t\t<\/div>\n\t\t\t\t\n<style>\n#col-203839714 > .col-inner {\n  padding: 0px 0px 0px 0;\n}\n@media (min-width:850px) {\n  #col-203839714 > .col-inner {\n    padding: 0px 0px 0px 30px;\n  }\n}\n<\/style>\n\t<\/div>\n\n\t\n\n<\/div>\n\t<div id=\"gap-487738619\" class=\"gap-element clearfix\" style=\"display:block; height:auto;\">\n\t\t\n<style>\n#gap-487738619 {\n  padding-top: 30px;\n}\n<\/style>\n\t<\/div>\n\t\n\n\n\t\t<\/div>\n\n\t\t\n<style>\n#section_1985526087 {\n  padding-top: 80px;\n  padding-bottom: 80px;\n  background-color: rgba(233, 233, 233, 0.669);\n}\n<\/style>\n\t<\/section>\n\t\n\t<section class=\"section dark\" id=\"section_1187566816\">\n\t\t<div class=\"bg section-bg fill bg-fill  bg-loaded\" >\n\n\t\t\t\n\t\t\t\n\t\t\t\n\n\t\t<\/div>\n\n\t\t\n\n\t\t<div class=\"section-content relative\">\n\t\t\t\n\n<div class=\"row align-bottom\" style=\"max-width:1200px\" id=\"row-1188727264\">\n\n\n\t<div id=\"col-498442715\" class=\"col medium-12 small-12 large-6\"  >\n\t\t\t\t<div class=\"col-inner\"  >\n\t\t\t\n\t\t\t\n\n\t<div id=\"text-1233395496\" class=\"text\">\n\t\t\n\n<h6>ENT\u00c9RESE DE NOVEDADES<\/h6>\n\t\t\n<style>\n#text-1233395496 {\n  font-size: 1.1rem;\n  text-align: left;\n}\n<\/style>\n\t<\/div>\n\t\n\t<div id=\"text-1806043912\" class=\"text\">\n\t\t\n\n<h2>Suscr\u00edbete en nuestro bolet\u00edn<\/h><\/p>\n\t\t\n<style>\n#text-1806043912 {\n  font-size: 1.75rem;\n}\n@media (min-width:550px) {\n  #text-1806043912 {\n    font-size: 1.5rem;\n  }\n}\n<\/style>\n\t<\/div>\n\t\n\n\t\t<\/div>\n\t\t\t\t\t<\/div>\n\n\t\n\n\t<div id=\"col-1565851979\" class=\"col medium-12 small-12 large-6\"  >\n\t\t\t\t<div class=\"col-inner\"  >\n\t\t\t\n\t\t\t\n\n<a class=\"button white expand\"  style=\"padding:5px 0px 5px 0px;\">\n    <span>SI!, QUIERO INSCRIBIRME!<\/span>\n  <\/a>\n\n\n\n\t\t<\/div>\n\t\t\t\t\n<style>\n#col-1565851979 > .col-inner {\n  padding: 0px 0px 0px 0;\n  margin: 0 0px 0px 0px;\n}\n@media (min-width:850px) {\n  #col-1565851979 > .col-inner {\n    padding: 0px 0px 0px 30px;\n    margin: -70px 0px 0px 0px;\n  }\n}\n<\/style>\n\t<\/div>\n\n\t\n\n<\/div>\n\t<div id=\"gap-1478016601\" class=\"gap-element clearfix\" style=\"display:block; height:auto;\">\n\t\t\n<style>\n#gap-1478016601 {\n  padding-top: 50px;\n}\n<\/style>\n\t<\/div>\n\t\n\n\n\t\t<\/div>\n\n\t\t\n<style>\n#section_1187566816 {\n  padding-top: 80px;\n  padding-bottom: 80px;\n  background-color: rgb(39, 54, 71);\n}\n<\/style>\n\t<\/section>\n\t\n\t<section class=\"section\" id=\"section_186167481\">\n\t\t<div class=\"bg section-bg fill bg-fill  bg-loaded\" >\n\n\t\t\t\n\t\t\t\n\t\t\t\n\n\t\t<\/div>\n\n\t\t\n\n\t\t<div class=\"section-content relative\">\n\t\t\t\n\n<div class=\"row\" style=\"max-width:1200px\" id=\"row-663176039\">\n\n\n\t<div id=\"col-1058161056\" class=\"col small-12 large-12\"  >\n\t\t\t\t<div class=\"col-inner\"  >\n\t\t\t\n\t\t\t\n\n\n  <div class=\"banner has-hover\" id=\"banner-260929973\">\n          <div class=\"banner-inner fill\">\n        <div class=\"banner-bg fill\" >\n            <div class=\"bg fill bg-fill \"><\/div>\n                                    \n                    <\/div>\n\t\t\n        <div class=\"banner-layers container\">\n            <div class=\"fill banner-link\"><\/div>            \n\n   <div id=\"text-box-940824687\" class=\"text-box banner-layer x50 md-x50 lg-x50 y50 md-y50 lg-y50 res-text\">\n                                <div class=\"text-box-content text dark\">\n              \n              <div class=\"text-inner text-center\">\n                  \n\n\n              <\/div>\n           <\/div>\n                            \n<style>\n#text-box-940824687 {\n  width: 60%;\n}\n#text-box-940824687 .text-box-content {\n  font-size: 100%;\n}\n@media (min-width:550px) {\n  #text-box-940824687 {\n    width: 60%;\n  }\n}\n<\/style>\n    <\/div>\n \n\n        <\/div>\n      <\/div>\n\n            \n<style>\n#banner-260929973 {\n  padding-top: 200px;\n  background-color: rgb(255, 255, 255);\n}\n#banner-260929973 .bg.bg-loaded {\n  background-image: url(https:\/\/trialadvisers.com\/wp-content\/uploads\/2024\/02\/gaelle-marcel-Ld6bx4-axwo-unsplash-1024x684.jpg);\n}\n#banner-260929973 .bg {\n  background-position: 17% 29%;\n}\n@media (min-width:550px) {\n  #banner-260929973 {\n    padding-top: 350px;\n  }\n}\n@media (min-width:850px) {\n  #banner-260929973 {\n    padding-top: 400px;\n  }\n}\n<\/style>\n  <\/div>\n\n\n\n\t\t<\/div>\n\t\t\t\t\n<style>\n#col-1058161056 > .col-inner {\n  margin: -120px 0px 0px 0px;\n}\n<\/style>\n\t<\/div>\n\n\t\n\n<\/div>\n<div class=\"row align-center\" style=\"max-width:1200px\" id=\"row-147645742\">\n\n\n\t<div id=\"col-1156549135\" class=\"col medium-10 small-12 large-8\"  >\n\t\t\t\t<div class=\"col-inner\"  >\n\t\t\t\n\t\t\t\n\n\t<div id=\"gap-237219513\" class=\"gap-element clearfix\" style=\"display:block; height:auto;\">\n\t\t\n<style>\n#gap-237219513 {\n  padding-top: 30px;\n}\n<\/style>\n\t<\/div>\n\t\n\n\t<div id=\"text-3179553979\" class=\"text\">\n\t\t\n\n<h6>CONT\u00c1CTENOS HOY<\/h6>\n\t\t\n<style>\n#text-3179553979 {\n  font-size: 1.1rem;\n  text-align: center;\n}\n<\/style>\n\t<\/div>\n\t\n\t<div id=\"text-2237291792\" class=\"text\">\n\t\t\n\n<h1>Tu mejor aliado est\u00e1 aqu\u00ed<\/h1>\n\t\t\n<style>\n#text-2237291792 {\n  font-size: 1.75rem;\n  text-align: center;\n}\n<\/style>\n\t<\/div>\n\t\n\t<div id=\"gap-407528784\" class=\"gap-element clearfix\" style=\"display:block; height:auto;\">\n\t\t\n<style>\n#gap-407528784 {\n  padding-top: 10px;\n}\n<\/style>\n\t<\/div>\n\t\n\n\t<div id=\"text-1184000879\" class=\"text\">\n\t\t\n\n<p>Potencia tu \u00e9xito empresarial con nuestros servicios contables personalizados. Desde gesti\u00f3n de n\u00f3minas hasta asesoramiento fiscal, conf\u00eda en nosotros para mantener tus finanzas en orden y tu negocio en camino hacia el crecimiento. \u00a1Descubre tranquilidad financiera con nuestro equipo experto hoy mismo!<\/p>\n\t\t\n<style>\n#text-1184000879 {\n  text-align: center;\n}\n<\/style>\n\t<\/div>\n\t\n\n\t\t<\/div>\n\t\t\t\t\t<\/div>\n\n\t\n\n<\/div>\n\n\t\t<\/div>\n\n\t\t\n<style>\n#section_186167481 {\n  padding-top: 30px;\n  padding-bottom: 30px;\n}\n<\/style>\n\t<\/section>\n\t\n\n","protected":false},"excerpt":{"rendered":"","protected":false},"author":1,"featured_media":0,"parent":0,"menu_order":0,"comment_status":"closed","ping_status":"closed","template":"page-blank.php","meta":{"footnotes":""},"class_list":["post-152","page","type-page","status-publish","hentry"],"yoast_head":"<!-- This site is optimized with the Yoast SEO plugin v27.1.1 - https:\/\/yoast.com\/product\/yoast-seo-wordpress\/ -->\n<title>Asesor\u00eda Financiera y Planeaci\u00f3n Tributaria - TRIAL ADVISERS<\/title>\n<meta name=\"robots\" content=\"index, follow, max-snippet:-1, max-image-preview:large, max-video-preview:-1\" \/>\n<link rel=\"canonical\" href=\"https:\/\/trialadvisers.com\/index.php\/asesoria-financiera-y-planeacion-tributaria\/\" \/>\n<meta property=\"og:locale\" content=\"es_ES\" \/>\n<meta property=\"og:type\" content=\"article\" \/>\n<meta property=\"og:title\" content=\"Asesor\u00eda Financiera y Planeaci\u00f3n Tributaria - TRIAL ADVISERS\" \/>\n<meta property=\"og:url\" content=\"https:\/\/trialadvisers.com\/index.php\/asesoria-financiera-y-planeacion-tributaria\/\" \/>\n<meta property=\"og:site_name\" content=\"TRIAL ADVISERS\" \/>\n<meta property=\"article:modified_time\" content=\"2024-03-05T04:19:08+00:00\" \/>\n<meta name=\"twitter:card\" content=\"summary_large_image\" \/>\n<script type=\"application\/ld+json\" class=\"yoast-schema-graph\">{\"@context\":\"https:\/\/schema.org\",\"@graph\":[{\"@type\":\"WebPage\",\"@id\":\"https:\/\/trialadvisers.com\/index.php\/asesoria-financiera-y-planeacion-tributaria\/\",\"url\":\"https:\/\/trialadvisers.com\/index.php\/asesoria-financiera-y-planeacion-tributaria\/\",\"name\":\"Asesor\u00eda Financiera y Planeaci\u00f3n Tributaria - TRIAL ADVISERS\",\"isPartOf\":{\"@id\":\"https:\/\/trialadvisers.com\/#website\"},\"datePublished\":\"2024-02-27T08:07:13+00:00\",\"dateModified\":\"2024-03-05T04:19:08+00:00\",\"breadcrumb\":{\"@id\":\"https:\/\/trialadvisers.com\/index.php\/asesoria-financiera-y-planeacion-tributaria\/#breadcrumb\"},\"inLanguage\":\"es-CO\",\"potentialAction\":[{\"@type\":\"ReadAction\",\"target\":[\"https:\/\/trialadvisers.com\/index.php\/asesoria-financiera-y-planeacion-tributaria\/\"]}]},{\"@type\":\"BreadcrumbList\",\"@id\":\"https:\/\/trialadvisers.com\/index.php\/asesoria-financiera-y-planeacion-tributaria\/#breadcrumb\",\"itemListElement\":[{\"@type\":\"ListItem\",\"position\":1,\"name\":\"Inicio\",\"item\":\"https:\/\/trialadvisers.com\/\"},{\"@type\":\"ListItem\",\"position\":2,\"name\":\"Asesor\u00eda Financiera y Planeaci\u00f3n Tributaria\"}]},{\"@type\":\"WebSite\",\"@id\":\"https:\/\/trialadvisers.com\/#website\",\"url\":\"https:\/\/trialadvisers.com\/\",\"name\":\"TRIAL ADVISERS\",\"description\":\"Tu tranquilidad financiera, nuestra responsabilidad\",\"publisher\":{\"@id\":\"https:\/\/trialadvisers.com\/#organization\"},\"potentialAction\":[{\"@type\":\"SearchAction\",\"target\":{\"@type\":\"EntryPoint\",\"urlTemplate\":\"https:\/\/trialadvisers.com\/?s={search_term_string}\"},\"query-input\":{\"@type\":\"PropertyValueSpecification\",\"valueRequired\":true,\"valueName\":\"search_term_string\"}}],\"inLanguage\":\"es-CO\"},{\"@type\":\"Organization\",\"@id\":\"https:\/\/trialadvisers.com\/#organization\",\"name\":\"TRIAL ADVISERS\",\"url\":\"https:\/\/trialadvisers.com\/\",\"logo\":{\"@type\":\"ImageObject\",\"inLanguage\":\"es-CO\",\"@id\":\"https:\/\/trialadvisers.com\/#\/schema\/logo\/image\/\",\"url\":\"https:\/\/trialadvisers.com\/wp-content\/uploads\/2023\/12\/cropped-LOGO.png\",\"contentUrl\":\"https:\/\/trialadvisers.com\/wp-content\/uploads\/2023\/12\/cropped-LOGO.png\",\"width\":180,\"height\":60,\"caption\":\"TRIAL ADVISERS\"},\"image\":{\"@id\":\"https:\/\/trialadvisers.com\/#\/schema\/logo\/image\/\"}}]}<\/script>\n<!-- \/ Yoast SEO plugin. -->","yoast_head_json":{"title":"Asesor\u00eda Financiera y Planeaci\u00f3n Tributaria - TRIAL ADVISERS","robots":{"index":"index","follow":"follow","max-snippet":"max-snippet:-1","max-image-preview":"max-image-preview:large","max-video-preview":"max-video-preview:-1"},"canonical":"https:\/\/trialadvisers.com\/index.php\/asesoria-financiera-y-planeacion-tributaria\/","og_locale":"es_ES","og_type":"article","og_title":"Asesor\u00eda Financiera y Planeaci\u00f3n Tributaria - TRIAL ADVISERS","og_url":"https:\/\/trialadvisers.com\/index.php\/asesoria-financiera-y-planeacion-tributaria\/","og_site_name":"TRIAL ADVISERS","article_modified_time":"2024-03-05T04:19:08+00:00","twitter_card":"summary_large_image","schema":{"@context":"https:\/\/schema.org","@graph":[{"@type":"WebPage","@id":"https:\/\/trialadvisers.com\/index.php\/asesoria-financiera-y-planeacion-tributaria\/","url":"https:\/\/trialadvisers.com\/index.php\/asesoria-financiera-y-planeacion-tributaria\/","name":"Asesor\u00eda Financiera y Planeaci\u00f3n Tributaria - TRIAL ADVISERS","isPartOf":{"@id":"https:\/\/trialadvisers.com\/#website"},"datePublished":"2024-02-27T08:07:13+00:00","dateModified":"2024-03-05T04:19:08+00:00","breadcrumb":{"@id":"https:\/\/trialadvisers.com\/index.php\/asesoria-financiera-y-planeacion-tributaria\/#breadcrumb"},"inLanguage":"es-CO","potentialAction":[{"@type":"ReadAction","target":["https:\/\/trialadvisers.com\/index.php\/asesoria-financiera-y-planeacion-tributaria\/"]}]},{"@type":"BreadcrumbList","@id":"https:\/\/trialadvisers.com\/index.php\/asesoria-financiera-y-planeacion-tributaria\/#breadcrumb","itemListElement":[{"@type":"ListItem","position":1,"name":"Inicio","item":"https:\/\/trialadvisers.com\/"},{"@type":"ListItem","position":2,"name":"Asesor\u00eda Financiera y Planeaci\u00f3n Tributaria"}]},{"@type":"WebSite","@id":"https:\/\/trialadvisers.com\/#website","url":"https:\/\/trialadvisers.com\/","name":"TRIAL ADVISERS","description":"Tu tranquilidad financiera, nuestra responsabilidad","publisher":{"@id":"https:\/\/trialadvisers.com\/#organization"},"potentialAction":[{"@type":"SearchAction","target":{"@type":"EntryPoint","urlTemplate":"https:\/\/trialadvisers.com\/?s={search_term_string}"},"query-input":{"@type":"PropertyValueSpecification","valueRequired":true,"valueName":"search_term_string"}}],"inLanguage":"es-CO"},{"@type":"Organization","@id":"https:\/\/trialadvisers.com\/#organization","name":"TRIAL ADVISERS","url":"https:\/\/trialadvisers.com\/","logo":{"@type":"ImageObject","inLanguage":"es-CO","@id":"https:\/\/trialadvisers.com\/#\/schema\/logo\/image\/","url":"https:\/\/trialadvisers.com\/wp-content\/uploads\/2023\/12\/cropped-LOGO.png","contentUrl":"https:\/\/trialadvisers.com\/wp-content\/uploads\/2023\/12\/cropped-LOGO.png","width":180,"height":60,"caption":"TRIAL ADVISERS"},"image":{"@id":"https:\/\/trialadvisers.com\/#\/schema\/logo\/image\/"}}]}},"_links":{"self":[{"href":"https:\/\/trialadvisers.com\/index.php\/wp-json\/wp\/v2\/pages\/152","targetHints":{"allow":["GET"]}}],"collection":[{"href":"https:\/\/trialadvisers.com\/index.php\/wp-json\/wp\/v2\/pages"}],"about":[{"href":"https:\/\/trialadvisers.com\/index.php\/wp-json\/wp\/v2\/types\/page"}],"author":[{"embeddable":true,"href":"https:\/\/trialadvisers.com\/index.php\/wp-json\/wp\/v2\/users\/1"}],"replies":[{"embeddable":true,"href":"https:\/\/trialadvisers.com\/index.php\/wp-json\/wp\/v2\/comments?post=152"}],"version-history":[{"count":5,"href":"https:\/\/trialadvisers.com\/index.php\/wp-json\/wp\/v2\/pages\/152\/revisions"}],"predecessor-version":[{"id":261,"href":"https:\/\/trialadvisers.com\/index.php\/wp-json\/wp\/v2\/pages\/152\/revisions\/261"}],"wp:attachment":[{"href":"https:\/\/trialadvisers.com\/index.php\/wp-json\/wp\/v2\/media?parent=152"}],"curies":[{"name":"wp","href":"https:\/\/api.w.org\/{rel}","templated":true}]}}